tors of k?
2, 11
Let n = 317 + -175. What are the prime factors of n?
2, 71
Let u be 1/(-5) - (-672)/10. Let r = u - 22. List the prime factors of r.
3, 5
Suppose -4*f + 0*f + 84 = 0. Suppose 4*c - f = 7. Suppose 4*d - 4*n = 20, 4*d - 20 = 2*n - c*n. List the prime factors of d.
5
Suppose -4*t - 5*a + 120 = 0, 0 = -0*t - t - 3*a + 30. Suppose 0*n = 3*n - 18. What are the prime factors of (n/(-9))/((-4)/t)?
5
Suppose -x = 2*x + 42. Let f = -10 - x. What are the prime factors of f?
2
Let u(g) = -2*g + 5. Let q(h) = 3*h - 6. Let z(m) = 5*q(m) + 6*u(m). What are the prime factors of z(1)?
3
What are the prime factors of -12*(-4 - 21/(-12))?
3
Let u(l) be the third derivative of -l**6/120 - l**5/12 + 5*l**4/24 + 5*l**3/6 - 2*l**2. What are the prime factors of u(-6)?
11
Let r(x) = -x**2. Let z(y) = -2*y**2 - y + 1. Let h(a) = -4*r(a) + z(a). List the prime factors of h(-2).
11
Suppose -q - 22 = -7. Suppose -24 = 4*b - 4*a, 0 = 5*b + 4*a - 5*a + 14. What are the prime factors of q/(-2) + b/4?
7
Let k = -3 + 5. Let i = k + -4. What are the prime factors of 4/i + (-3 - -9)?
2
Let g = -46 + 104. What are the prime factors of g?
2, 29
Suppose -2*x = -3*d + 53 + 228, d - 2*x - 95 = 0. Suppose d + 7 = 5*o - 5*t, -o + 26 = -4*t. Let i = o + -12. What are the prime factors of i?
2, 3
Let i(o) be the second derivative of -5*o**3/6 + o**2/2 - 2*o. Let q be i(-1). Suppose 2*p - q - 4 = 0. What are the prime factors of p?
5
Let x(u) = 3*u**2 - 2*u - 4. What are the prime factors of x(-3)?
29
Let a = 350 + -250. Let c = 158 - a. What are the prime factors of c?
2, 29
Let w(r) = r**3 - 7*r**2 + r - 7. Let m be w(7). Suppose 5*l - 56 + 16 = m. What are the prime factors of (-45)/6*l/(-10)?
2, 3
Let h be (-18)/(-4)*16/4. Let s = 29 - h. List the prime factors of s.
11
What are the prime factors of -5*((-129)/15 - -2)?
3, 11
What are the prime factors of 20/1 + 0/(-11)?
2, 5
Let k(t) = -5*t**3 - t + 1. Let p be k(1). Let z(d) = d**2 + 6*d + 1. Let w be z(p). What are the prime factors of 11/2 + w/(-8)?
2, 3
Let q(x) = -x - 6. Let l be q(-8). Suppose 2*k = -l*k + 28. List the prime factors of k.
7
Let q = 2 - 0. Let v(m) = m + m - 2*m + 1 - q*m. What are the prime factors of v(-2)?
5
Suppose 4*y + 1 = 3*y. Let z(o) = -4*o**2 - 1 - 12*o**3 + 4*o**2. List the prime factors of z(y).
11
Let u = -6 - -10. Suppose 0 = -u*n + 28. What are the prime factors of n?
7
Let r(w) = w**2 - 4*w + 7. Let b be (-2)/7 + 180/42. Suppose -2*m - o - b*o + 30 = 0, -11 = -3*m + o. What are the prime factors of r(m)?
2, 3
Let c(t) = -t. Let n(b) = -3*b + 3. Let x(h) = -5*c(h) + n(h). Let a be x(-2). What are the prime factors of (a - 0)*(-6 - 1)?
7
Suppose u - 10 = -2*s, 0*u = -u + 2*s - 10. Let i(r) = -r**2 + 5. List the prime factors of i(u).
5
Let y(j) = -24*j**3 + 2*j + 1. Let w be y(-1). Let r = 27 - w. What are the prime factors of r?
2
Let s be ((-348)/8)/(1/(-2)). Suppose -a + s = 4*d - 9, -3*d = -5*a - 72. List the prime factors of (-8)/d - 56/(-6).
3
What are the prime factors of 8/(-44) - 4680/(-88)?
53
Let t = -16 - -27. List the prime factors of t.
11
Let l(b) = -b**2 + 4*b + 1. Let m be l(2). Suppose -4*p + 0*h = 4*h - 188, 285 = 5*p - m*h. What are the prime factors of p?
2, 13
Let m = 8 - 3. Suppose -2*k - 2*u = -7*u - m, -2*u - 2 = 4*k. Suppose d + 2*d - 12 = k. List the prime factors of d.
2
Let h = -24 + 39. Suppose 5*n - h = 80. What are the prime factors of n?
19
Let b be (5/(-3))/(4/(-12)). Suppose 5*i - 30 = -b. List the prime factors of i.
5
Let y = 50 + -34. What are the prime factors of y?
2
Let l(i) = -46*i**3 + 3*i**2 + i - 1. What are the prime factors of l(-1)?
47
Suppose 5*q - 1 = 9. Suppose 0 = -q*t + 9 - 1. Suppose 0*v + 2*v - 12 = 4*i, -v - t*i + 12 = 0. What are the prime factors of v?
2
Suppose 0*b + 44 = -4*m - 2*b, 0 = 5*m - 2*b + 64. Let r(d) be the first derivative of d**4/4 + 11*d**3/3 - 6*d**2 + 8*d + 3. List the prime factors of r(m).
2
Let b(d) = 17*d - 5. List the prime factors of b(13).
2, 3
Let z = -11 + 26. Let r = z + -1. What are the prime factors of r?
2, 7
Let z = 109 - 50. List the prime factors of z.
59
Let t(m) = -2*m + 5. Let l be t(0). Suppose -l*k = -3*k - 44. What are the prime factors of k?
2, 11
Let v be (-5)/(-2) + 2/(-4). Suppose 6 = v*a - 14. What are the prime factors of a?
2, 5
Let a = 4 + 7. What are the prime factors of a?
11
Suppose -4*f = 4*y - 1272, 199 + 120 = f + 2*y. What are the prime factors of f?
317
Let i = -10 + 13. Let q(r) = -r**3 + 5*r**2 - 3*r. Let o be q(i). What are the prime factors of ((-44)/(-6))/(6/o)?
11
Let q(n) = -n**3 - 4*n - 6. Let o = 10 - 13. What are the prime factors of q(o)?
3, 11
Let k = -12 + 17. What are the prime factors of k?
5
Let q(o) = o**3 + 3*o**2 + 21*o - 15. What are the prime factors of q(6)?
3, 5, 29
Suppose 4*y = -5*w + 35, -5*w = -y - 2*y. Suppose 20 = y*o - 0. Suppose o*u = 2*n - 20, 2*u + 4 = 2. What are the prime factors of n?
2
Let l(d) = 12*d - 4. Let s be l(-6). List the prime factors of -1 + s/(-2) - -3.
2, 5
Suppose 4*g + 13 = 2*f - g, -g - 35 = 5*f. Suppose 0 = 5*u - 0 - 60. Let r = u + f. What are the prime factors of r?
2, 3
Let k be 12/7 - (-4)/14. Suppose -k*h = -2*u - 6, 2*h - 11 = u - 3. List the prime factors of h.
5
Let g(f) = f**2 + 4. Let t be g(-3). Suppose 0 = -2*d + 2*m + 10, 2*d = -2*m + t + 1. Suppose -2*r + 0*r = -d. List the prime factors of r.
3
Let i(q) = 2*q + 12. What are the prime factors of i(11)?
2, 17
Suppose -135 = -b - 14. List the prime factors of b.
11
Suppose 0 = -19*b + 20*b - 27. List the prime factors of b.
3
What are the prime factors of 2 + -1*(-4 - 167)?
173
Let m = 143 - 83. Suppose -m = -4*w + w. What are the prime factors of w?
2, 5
Let t be ((-12)/9 + 3)*12. Suppose 3*m - 5*m = -t. List the prime factors of m.
2, 5
Let l = -5 + 8. Suppose -l*f + 15 = -21. List the prime factors of f.
2, 3
Let t(v) = 15*v**2 + v. Let w be t(2). Suppose -5*i + 23 = -w. What are the prime factors of i?
17
Let k be 2/(-7) + 92/28. Let z = 35 - k. What are the prime factors of z?
2
Suppose -5*i + 223 = -47. What are the prime factors of i?
2, 3
Let r = -10 - -10. Let z be (r + 0)*3/(-3). Suppose 28 = 2*b - 7*v + 3*v, -3*b + 5*v + 42 = z. What are the prime factors of b?
2, 7
Let s(b) = b**3 - b**2 + 4*b - 10. What are the prime factors of s(4)?
2, 3
Suppose -3*x = -3*o + 2*o + 14, 4*x = 3*o - 22. What are the prime factors of 102/o*8/24?
17
Let s(l) = -l**3 + 10*l**2 + 15*l - 14. What are the prime factors of s(11)?
2, 3, 5
Let h(q) = 9*q**2 - q. What are the prime factors of h(-3)?
2, 3, 7
Let l(j) = j**2 - 2*j - 6. List the prime factors of l(-4).
2, 3
Let q(k) = -k**3 - 8*k**2 - 10*k - 4. What are the prime factors of q(-7)?
17
Suppose 3*l - 3*i = 195, -2*l + 52 = 2*i - 70. List the prime factors of l.
3, 7
Let c be -4*(-2 - 3/(-4)). Let o(h) = -h**3 + 5*h**2 + 5*h - 10. List the prime factors of o(c).
3, 5
Let n = -6 - -5. Let g be 2 - ((2 - 0) + n). Suppose l = 6 + g. List the prime factors of l.
7
List the prime factors of 1141/4 + 33/44.
2, 11, 13
Let y be (-57)/(-4) + 2/(-8). Suppose l = 3*l - y. Suppose -2*p + 15 = -l. List the prime factors of p.
11
Suppose -5*k + 10*k = 15, 5*z + 2*k = 486. What are the prime factors of z?
2, 3
Let w be -1*(-1)/((-3)/(-21)). Let h = -7 + w. What are the prime factors of -9*((h - -2) + -3)?
3
Let v(q) = 9*q**2 + 4*q. Let a be v(3). What are the prime factors of 1/(2 + a/(-48))?
2
Suppose 0*j - 351 = -3*j. What are the prime factors of j?
3, 13
Suppose 5*g - 6 = 4. Suppose 0*b = g*b. Suppose -3*h + m + b*m = -24, -4*h - 4*m = -48. What are the prime factors of h?
3
Let n = -14 + 12. List the prime factors of (44*(1 + -2))/n.
2, 11
Let i be 0 - -12*2/3. Let g = 27 - i. What are the prime factors of g?
19
Suppose 0 = -0*r - 4*r + 16. Suppose 9 = -3*b, 6 = r*m + b + 61. Let j = -7 - m. List the prime factors of j.
2, 3
Let a(x) = -39*x - 4. List the prime factors of a(-2).
2, 37
Let p = 2 + 6. Let g = 14 + p. Let r = g - 9. What are the prime factors of r?
13
Let o = -101 + 72. Let w = -18 - o. List the prime factors of w.
11
Suppose -5*j = 88 - 23. Let d = j - -24. What are the prime factors of d?
11
Let o = -33 - -47. What are the prime factors of o?
2, 7
Let q(h) = 4*h - 9. Let r be ((-4)/(-6))/((-14)/(-1